st common divisor of 1456 and 9856.
112
What is the greatest common divisor of 1441 and 539?
11
What is the highest common divisor of 90 and 18405?
45
What is the highest common factor of 2101943 and 149?
149
Calculate the greatest common factor of 16 and 88048.
16
What is the greatest common factor of 663360 and 420?
60
Calculate the greatest common factor of 7150 and 1088230.
1430
Calculate the highest common divisor of 94500 and 1080.
540
Calculate the highest common divisor of 8192 and 131584.
512
What is the greatest common divisor of 11661 and 247?
13
What is the highest common factor of 346017 and 84?
21
Calculate the highest common divisor of 10658258 and 26.
26
What is the highest common factor of 9 and 103968?
9
What is the highest common factor of 865 and 1182455?
865
Calculate the highest common divisor of 3000 and 247125.
375
Calculate the highest common divisor of 2268 and 545292.
324
Calculate the highest common factor of 74250 and 8200.
50
Calculate the highest common factor of 9 and 392472.
9
What is the highest common factor of 11044 and 66?
22
Calculate the highest common divisor of 13207 and 14331.
281
What is the greatest common factor of 3590 and 3130?
10
What is the greatest common divisor of 16123 and 5704?
23
What is the greatest common divisor of 42606 and 378?
54
Calculate the highest common factor of 1005 and 1809.
201
What is the greatest common divisor of 1827 and 46719?
261
What is the greatest common factor of 799 and 30702?
17
Calculate the highest common factor of 84 and 32739.
21
Calculate the greatest common factor of 395580 and 684.
228
Calculate the greatest common factor of 68 and 111894.
34
Calculate the greatest common divisor of 16 and 628760.
8
What is the highest common factor of 13 and 577?
1
Calculate the greatest common divisor of 777 and 1372.
7
What is the greatest common divisor of 310 and 1135?
5
Calculate the highest common factor of 2109 and 46227.
57
Calculate the highest common factor of 29413 and 439.
439
What is the greatest common factor of 190951 and 26748?
743
Calculate the greatest common divisor of 251 and 2747446.
251
Calculate the greatest common divisor of 3580 and 6030510.
1790
What is the greatest common factor of 15352 and 155944?
808
Calculate the highest common divisor of 113 and 156505.
113
What is the highest common factor of 6 and 1710?
6
What is the highest common divisor of 3 and 303071?
1
What is the greatest common divisor of 62721 and 828?
207
Calculate the greatest common divisor of 32589 and 54.
27
Calculate the highest common divisor of 410819 and 3.
1
Calculate the greatest common factor of 16317 and 94374.
441
What is the greatest common divisor of 4840 and 4224?
88
What is the greatest common factor of 1266896 and 176?
16
What is the highest common divisor of 63 and 194607?
63
Calculate the greatest common divisor of 2138045 and 1443.
481
Calculate the greatest common divisor of 396 and 506066.
22
Calculate the highest common divisor of 403 and 2899.
13
What is the greatest common factor of 1450 and 2630?
10
What is the greatest common factor of 642576 and 880?
176
What is the highest common factor of 77064 and 24843?
507
Calculate the highest common factor of 102973 and 1691.
89
What is the highest common divisor of 210 and 511230?
30
What is the highest common divisor of 54 and 19962?
18
Calculate the highest common divisor of 26353 and 2888.
361
Calculate the highest common factor of 120235 and 1903.
173
What is the highest common factor of 4184 and 8?
8
Calculate the highest common divisor of 396 and 485496.
396
What is the highest common factor of 174 and 123250?
58
Calculate the greatest common divisor of 248 and 1084442.
62
Calculate the highest common factor of 66 and 34078.
22
Calculate the greatest common divisor of 1587 and 3.
3
Calculate the highest common factor of 251946 and 36.
18
Calculate the greatest common divisor of 2230 and 870.
10
What is the highest common factor of 76472 and 262328?
968
What is the highest common divisor of 43851 and 24111?
141
Calculate the highest common divisor of 685 and 8357.
137
What is the greatest common factor of 24455 and 67?
67
What is the highest common divisor of 55971 and 2025?
81
What is the highest common divisor of 638 and 55132?
22
What is the highest common factor of 210223 and 471?
157
What is the highest common factor of 4689953 and 115?
23
What is the greatest common divisor of 28250 and 165545?
565
What is the greatest common factor of 938 and 102912?
134
Calculate the highest common divisor of 289 and 12671494.
289
What is the highest common factor of 218020 and 880?
220
What is the highest common divisor of 1280 and 2020?
20
What is the highest common divisor of 586 and 71?
1
Calculate the highest common divisor of 6436 and 12.
4
What is the highest common divisor of 192095 and 927?
103
What is the greatest common divisor of 62 and 1022225?
31
What is the highest common factor of 1090 and 4210?
10
What is the greatest common factor of 52000 and 25?
25
Calculate the highest common factor of 28574 and 20839.
91
What is the greatest common divisor of 37301 and 198?
11
Calculate the greatest common factor of 912 and 56487.
57
Calculate the greatest common divisor of 24050 and 6175.
325
Calculate the highest common factor of 6 and 36603.
3
Calculate the greatest common divisor of 215 and 94385.
215
Calculate the greatest common divisor of 208 and 175409.
13
What is the greatest common factor of 1981012 and 484?
484
What is the greatest common factor of 791351 and 11?
11
What is the greatest common factor of 354 and 133045?
59
Calculate the greatest common factor of 13158 and 24.
6
What is the greatest common divisor of 299 and 941436?
23
Calculate the greatest common divisor of 16644 and 228.
228
What is the greatest common divisor of 12597 and 104?
13
What is the highest common factor of 12825 and 6550?
25
Calculate the highest common divisor of 5769108 and 12.
12
What is the greatest common divisor of 116429 and 346?
173
Calculate the greatest common divisor of 456 and 217968.
456
Calculate the greatest common divisor of 9500 and 4000.
500
Calculate the highest common divisor of 71839 and 57.
19
Calculate the highest common factor of 320 and 730.
10
Calculate the greatest common factor of 43245 and 27869.
961
Calculate the highest common factor of 444 and 133866.
222
Calculate the highest common factor of 1702550 and 1275.
425
What is the highest common divisor of 2742348 and 84?
84
Calculate the greatest common divisor of 4 and 453728.
4
Calculate the highest common factor of 6987 and 527.
17
Calculate the greatest common divisor of 732 and 756.
12
Calculate the highest common factor of 445716 and 81.
27
What is the greatest common factor of 41836 and 708?
4
Calculate the highest common factor of 3024 and 322.
14
What is the greatest common factor of 2856 and 30464?
952
Calculate the highest common divisor of 6150 and 1968.
246
What is the highest common divisor of 19 and 11210?
19
What is the highest common factor of 440 and 4653?
11
Calculate the highest common factor of 860 and 4969940.
860
Calculate the highest common divisor of 9108 and 10692.
396
What is the highest common divisor of 34250 and 550?
50
Calculate the highest common divisor of 2 and 41254.
2
Calculate the greatest common factor of 690 and 51382.
46
Calculate the greatest common divisor of 16692 and 48.
12
What is the highest common factor of 13064 and 920?
184
What is the greatest common divisor of 31820 and 50320?
740
Calculate the highest common factor of 124 and 467108.
124
What is the highest common divisor of 174520 and 860?
20
Calculate the highest common factor of 3354 and 23244.
78
Calculate the highest common divisor of 8 and 32008.
8
Calculate the highest common divisor of 135 and 1521.
9
What is the greatest common factor of 165582 and 36?
18
What is the greatest common factor of 50807 and 1817?
23
Calculate the greatest common factor of 50 and 40425.
25
Calculate the highest common divisor of 110880 and 512.
32
Calculate the greatest common factor of 9 and 34995.
3
What is the greatest common factor of 5122 and 380998?
394
Calculate the highest common factor of 1157882 and 22.
22
Calculate the highest common div